and v?
27
Let v be (-5)/(40/(-632)) - -5. What is the greatest common divisor of 140 and v?
28
Let u = 24 + -29. Let b = 9 - u. Calculate the greatest common factor of b and 21.
7
Let p be ((-75)/25)/(1*1*-1). Let h be 2/(-4)*2 - -4. Suppose 3*i = h*b - 348, -b + p*i - i + 115 = 0. Calculate the highest common divisor of 13 and b.
13
Suppose 319 - 20 = 23*t. Calculate the highest common divisor of t and 17.
1
Suppose 16*m - 24*m = -56. Calculate the greatest common divisor of m and 35.
7
Let h be (60/(-42))/(-5) + (-341)/(-7). Calculate the greatest common factor of 49 and h.
49
Let c be (3*10)/((-18)/(-48)). Suppose -3*t - 4*q = -c, -29 = -3*t + q + 56. What is the highest common factor of t and 70?
14
Suppose 5*z = 3*d + 606 - 181, 2*z - 179 = 3*d. Calculate the highest common factor of z and 779.
41
Suppose i - 4*h = 14, -3*h + 6*h = 0. Let q(z) = z**3 - 10*z**2 - 9*z - 8. Let u be q(11). Calculate the highest common divisor of i and u.
14
Let g be 9 + (-6 - (-448 - -1)). What is the highest common factor of 18 and g?
18
Let o be -3*((-1)/3)/(23/230*2). Suppose -y - 3*y = -3*k + 307, 5*k - 515 = 5*y. What is the greatest common factor of k and o?
5
Suppose a - 1 = 2*v - 2, 3*a = 3*v + 3. Suppose -k - 74 = -2*n - v*k, 5*k = 3*n - 85. Let o be 42*(-3)/(-13 + 4). What is the highest common factor of n and o?
7
Let q = -1 + 8. Let w be (1 - -1)/((-4)/(-6)). Let h be (15/(-12) + w)*4. Calculate the highest common divisor of h and q.
7
Suppose -4*l + 5*g - 2*g = -271, -g + 353 = 5*l. Suppose 9*z - 38 = 52. Calculate the greatest common factor of l and z.
10
Let l be (2 + 3/6)*10. Suppose 4*p - r - 2*r - 35 = 0, 3*r = 2*p - l. What is the greatest common factor of p and 30?
5
Let a = -11 - -9. Let h be a/3*30/(-10). Suppose 4*y = h*y + 30. What is the greatest common factor of 105 and y?
15
Suppose 4 = o + 5*b - 2, b = 2*o + 43. Let n = 35 + o. Let r = 212 + -84. What is the highest common divisor of r and n?
16
Suppose -151 = -10*j + 99. Calculate the greatest common divisor of 675 and j.
25
Suppose -75 + 18 = -3*j. Suppose -5*t - z = -t - 59, 4*z + j = t. Calculate the greatest common divisor of 165 and t.
15
Let d be (683 - (6 + 16)) + 5*1. What is the greatest common divisor of d and 296?
74
Let o(c) = 259*c**3 + 2*c**2 - 3*c + 2. Let v be o(1). Suppose 0*r = -5*r - v. Let b = 115 + r. Calculate the greatest common factor of 7 and b.
7
Let x(f) = -13*f**3 + 2*f**2 - f. Let g be x(1). Let p(w) = -12*w + 2. Let d be p(-2). Let j = g + d. Calculate the highest common divisor of 42 and j.
14
Suppose 0 = -13*q + 11*q - 6, 399 = 3*s - q. What is the greatest common divisor of 726 and s?
66
Let x(u) = -15*u - 6. Let s be x(-5). Suppose 111 = -5*d - 5*i - 99, 3*d + 4*i + 128 = 0. Let m = d + s. Calculate the greatest common divisor of 87 and m.
29
Let n(r) = -3*r - 63. Let g be n(-21). Suppose g = -0*h - 8*h + 640. Calculate the highest common divisor of h and 16.
16
Suppose -4*s - 1892 = -4*o, -1812 = -4*o - s + 80. Calculate the greatest common factor of o and 11.
11
Suppose 0 = -4*z + 7 + 5. Suppose z*l = 37 - 10. What is the highest common factor of 36 and l?
9
Suppose 4*d + 52 = -v - v, 2*v - 2*d + 22 = 0. Let a = -10 - v. Calculate the highest common factor of a and 18.
6
Let z be (-1)/((-7)/1950) - 6/(-14). Suppose -66 = -2*x + m - 2*m, 2*x + 4*m = 78. What is the greatest common factor of x and z?
31
Let c = 11 + -8. Let t be c + 6 + -4 + -2. Let x(g) = 21*g**2 - 5*g + 2. Let s be x(t). What is the highest common divisor of s and 16?
16
Suppose -d = 3*d + 216. Let n = -31 - d. Calculate the greatest common divisor of n and 184.
23
Suppose -3*m - m + 180 = x, 90 = 2*m + 4*x. Let q be (-594)/m*10/(-4). Let g = 48 - q. What is the greatest common divisor of 15 and g?
15
Let i be (3 - 4)*56/(-2). Suppose 0 = -23*b + i*b - 70. What is the greatest common factor of b and 28?
14
Suppose 4*k = -2*j - 2*j + 168, -k - 192 = -5*j. Suppose -m + 4*l = 43, -m + 3*m + 94 = 4*l. Let s = -38 - m. What is the highest common factor of s and j?
13
Let h(q) = 7*q**2 + q - 2. Let k be h(-3). Let v be k/6 - (-7)/21. Suppose -2*g + 2 = -6. Calculate the greatest common divisor of v and g.
2
Suppose -8*a + 3098 = -1390. What is the greatest common factor of a and 33?
33
Let z = -1022 - -1043. Let i(m) = m**3 + 12*m**2 + 6*m + 2. Let g be i(-8). What is the greatest common factor of z and g?
21
Let b(q) = -56*q. Let t be b(-3). Let n be (-351)/78*(-28)/6. Calculate the highest common factor of t and n.
21
Suppose -4*j = -2*r + 12, -j + 3*r - 13 = -0*j. Let a(o) = -3 + 3 - 17*o - 2 + 0. Let g be a(j). What is the highest common factor of 6 and g?
3
Let m(l) = l**2 - 14*l + 45. Let v be m(0). What is the greatest common factor of v and 165?
15
Suppose -5*f + 27 + 63 = 0. Suppose -2*m - m = -f. Suppose -b + 4*b + 55 = 2*o, 2*b - m = 0. What is the highest common divisor of 16 and o?
16
Let l = -90 + 130. Let r = 1522 - 1082. Calculate the highest common divisor of l and r.
40
Let b(z) = -z**3 + 17*z**2 - z - 19. Let t be b(16). What is the highest common factor of t and 13?
13
Let j be (0 - 10)*221/(-85). Calculate the highest common factor of 6 and j.
2
Suppose 3*m - 67 = b, 4*b + 114 = 16*m - 11*m. What is the greatest common divisor of 341 and m?
11
Let p be (3/2 + 0)/((-6)/(-16)). Let l(i) = i**2 + i - 2. Let m be l(-2). Let h be (1 - (m + 0)) + 43. What is the highest common factor of p and h?
4
Suppose 26 = 5*t + 4*i - 158, -69 = -2*t + 3*i. What is the greatest common divisor of 207 and t?
9
Suppose 40*o - 14*o = 6552. Calculate the highest common factor of 60 and o.
12
Suppose 0 = -7*q - 0*q + 63. Calculate the greatest common divisor of q and 990.
9
Let s(k) = k**3 + 34*k**2 + k + 74. Let x be s(-34). Calculate the highest common divisor of x and 290.
10
Let u be 38/(-8)*(318 - 10)/(-11). What is the greatest common divisor of 57 and u?
19
Let y = -42 - -38. Let v be 4 - 23/(-2) - (-2)/y. What is the highest common factor of v and 3?
3
Suppose 0 = -2*c + 80 - 8. Suppose 8*y - 11*y = -c. What is the highest common divisor of 8 and y?
4
Suppose -x = l, -3*x = -2*l + 6*l. Suppose l = 3*k - 2*k - 9. Suppose -5*n = -3*n - 2. What is the highest common divisor of n and k?
1
Suppose -2*a = 5*a - 70. Suppose 16*r = a*r + 1242. Calculate the highest common factor of r and 23.
23
Suppose 2*t + 2*t = 196. Let d = 81 - t. Suppose -11 = -4*m + 5. What is the greatest common factor of d and m?
4
Suppose 0 = 91*f - 87*f - 1180. Calculate the highest common divisor of 236 and f.
59
Let o(v) = 58*v**2 - 30*v - 32. Let r be o(-1). Calculate the greatest common divisor of r and 952.
56
Let g(w) = -4 + 3 + 3*w + 2*w - 3. Let t be g(-4). Let f = -20 - t. Calculate the highest common factor of f and 1.
1
Suppose 0*a + 2*a = 0. Let m be 72/126 + (230/14 - -1). Let f = m + a. What is the highest common factor of 54 and f?
18
Let g = 269 - 150. What is the highest common factor of g and 14?
7
Let i(w) = -w**3 + 5*w**2 + 7*w + 5. Let h be i(6). Suppose 0 = -z - h + 13. Let p be (20/30)/(1/6). What is the greatest common divisor of p and z?
2
Let x(u) = 7*u**2 - u - 1. Let q be x(2). Let j = 37 - q. Calculate the greatest common factor of 6 and j.
6
Let i be (-9)/((-27)/(-6)) - -5. Suppose -24 - 16 = -i*x - 5*w, -w + 22 = 2*x. What is the highest common factor of x and 70?
10
Let m(p) = -p**3 + p**2 - 4*p + 7. Let f be m(-6). Let d = f + -150. What is the greatest common divisor of d and 19?
19
Let t(j) = -2*j**3 - 5*j**2 - 3*j. Let p be t(-3). Let c = 6781 - 6754. Calculate the greatest common divisor of p and c.
9
Let u = -28 + 37. Suppose 0 = 8*x - u*x + 1. Calculate the highest common divisor of 1 and x.
1
Let d(q) = -q + 47. Let l be d(0). Suppose l = 3*c - 19. Let g = c - -50. What is the greatest common divisor of 108 and g?
36
Let p = -2061 - -2303. What is the greatest common divisor of p and 847?
121
Suppose -x + 153 = -5*t - 302, 3*x - 4*t = 1354. Suppose -2*h = 4*h - x. Let a(n) = -8*n + 2. Let i be a(-6). Calculate the greatest common factor of i and h.
25
Suppose 2*c = -3*c + 40. Let y be (-5)/((-5)/6) - 1. Let d(h) = 3*h**2 + 3*h - 2. Let i be d(y). What is the greatest common divisor of c and i?
8
Let u = 2 - -4. Let m(d) = -7*d**3 - 3*d**2 - d + 2. Let g be m(-2). Wha